r when 2 is divided by w?
0
Suppose -2*l - 3*t = 4 + 1, 5*l + t + 19 = 0. What is the remainder when -45*(0 - l/(-6)) is divided by 16?
14
Let i(w) = -2*w - 9. Suppose -3*r - 18 = -3*f, -11 = -3*f - r - 3*r. Let t be (-14)/8*(-1 + f). What is the remainder when i(t) is divided by 3?
2
Suppose -3*d + 200 - 10 = 5*c, -5*d = 25. Suppose 3*j + 0*j + 42 = 0. Let m = c + j. Calculate the remainder when m is divided by 14.
13
Let v(k) = -k**3 + 5*k. What is the remainder when v(-4) is divided by 16?
12
Let v = -19 - -31. Suppose 4*g + k = -0*k + 14, -3*g - 3*k = -6. Suppose -g*h + 43 = -93. Calculate the remainder when h is divided by v.
10
Let l = 14 - -7. Let g(w) = w - 1. Let j be g(5). Suppose -13 - 19 = -j*r. What is the remainder when l is divided by r?
5
Suppose u - 49 = -h, 0 = -8*h + 13*h + 4*u - 244. Let z = -23 - -40. What is the remainder when h is divided by z?
14
Let x = 0 - -12. Suppose -5*a + 2*a = -102. Calculate the remainder when a is divided by x.
10
Let i(q) = 8*q - 1. Let k(m) = 24*m - 2. Let p(f) = 17*i(f) - 6*k(f). Suppose -3*x = -15, -4*u + u + x = -16. What is the remainder when p(-3) is divided by u?
5
Let x be 1*-2 + 15/3. Suppose -x*n = 2*n - 140. Calculate the remainder when n is divided by 15.
13
Suppose -n = y + 2*y - 85, 2*n = -y + 145. Suppose h + n = 6*h. What is the remainder when 54 is divided by h?
12
Let i(u) = 2*u - 8. Calculate the remainder when i(9) is divided by 3.
1
Suppose -2*o = -10, -10 - 5 = -3*l + 3*o. What is the remainder when l is divided by 4?
2
Let u(d) = -2*d + 12. What is the remainder when 11 is divided by u(3)?
5
Suppose 4*z = 85 - 17. Calculate the remainder when 31 is divided by z.
14
What is the remainder when 64 is divided by ((-95)/1)/(-5) + 3?
20
Let t(f) = f**3 - 3*f**2 - f - 1. Suppose -3*b + 15 + 51 = 0. Suppose 2*w - 20 = b. What is the remainder when w is divided by t(4)?
10
Calculate the remainder when (-1090)/(-25) - ((-3)/(-5) - 1) is divided by 24.
20
Suppose 2*y + 14 = 5*r - 3, r + 7 = 3*y. Suppose -1 - 15 = -3*x + 5*w, -x = r*w - 32. What is the remainder when 38 - (-3 + 6) - 1 is divided by x?
10
Let p(j) = j**2 + 4*j + 4. Suppose u - 6 = 3*n, 3*n - u + 6*u = -24. Let t be p(n). What is the remainder when -1 + -1 + t + 6 is divided by 2?
1
Calculate the remainder when 31 + 2 + (-2 - -3) is divided by 18.
16
Let s(j) = -58*j - 3. Let n be s(-2). Let o = -76 + n. What is the remainder when o is divided by 10?
7
Suppose 0 = 3*o + 23 - 224. Suppose -5*x = 4*d - 87, 5*d + 3*x + 47 = 159. What is the remainder when o is divided by d?
21
Suppose 2*p + 2 = 18. Suppose -5 = -4*a + 51. What is the remainder when a is divided by p?
6
Suppose -4*k = -4*f - 60, f = -2*k - f + 10. What is the remainder when (-24)/(-40) - (-224)/k is divided by 15?
8
Let x = -58 + 95. What is the remainder when x is divided by 10?
7
Let c(y) = y**3 + 5*y**2 - 8*y - 2. What is the remainder when 47 is divided by c(-6)?
7
Let o = 224 + -188. Calculate the remainder when o is divided by 8.
4
Let o(c) = -3*c + 1. Let q = -9 + 3. What is the remainder when o(q) is divided by 5?
4
Let a be ((-2)/6)/((-11)/627). Calculate the remainder when 1 - 1 - (2 - a) is divided by 5.
2
Let z(k) = -k**3 - 8*k**2 + 5. Suppose 4*m + 3 = -1. What is the remainder when z(-8) is divided by (3/(-9))/(m/9)?
2
Suppose 24 = 4*v - 88. Calculate the remainder when 82 is divided by v.
26
Suppose 0 = 4*x - 12, 0 = -4*d + 2*d - x + 33. Let h be (d/10)/(6/(-8)). Calculate the remainder when (-61)/h + 4/8 is divided by 11.
9
Suppose -3*d - 46 + 4 = 0. Suppose p + 60 = 6*p. Let t = p - d. What is the remainder when t is divided by 14?
12
Let c(u) = u**3 - 3*u**2 + 2*u - 4. Calculate the remainder when 39 is divided by c(4).
19
Suppose 2*k + 9 = -7. Let w(i) = i**2 - 7*i + 7. Calculate the remainder when w(7) is divided by 15/4 + (-2)/k.
3
Let z = 28 + -26. Suppose -5*d - w + 18 + 42 = 0, 0 = -z*d + 3*w + 41. Calculate the remainder when 51*(-1 + 2 + 0) is divided by d.
12
Let s(c) = -c**3 - 15*c**2 - 16*c + 9. What is the remainder when s(-14) is divided by 8?
5
What is the remainder when (-46)/(-3) - (-34)/51 is divided by 9?
7
Let o(h) be the third derivative of -h**4/24 - h**3/2 - 4*h**2. What is the remainder when 4 is divided by o(-7)?
0
Calculate the remainder when 139 is divided by 4/14 - 4656/(-168).
27
Let n = 0 - -3. Let u = n - -1. What is the remainder when u is divided by 3?
1
Let k(o) = 5*o - 4. Suppose 2*u + 3*u + 19 = w, 2*u = -w - 2. Let r(p) = 2*p**2 - 6*p + 1. What is the remainder when k(w) is divided by r(4)?
7
Let p(q) = 5*q + 8. Let z = 16 + -10. Calculate the remainder when p(z) is divided by 20.
18
Let j = -62 - -84. What is the remainder when 85 is divided by j?
19
Suppose 0 = -3*p + 3*z + 51, 4*z + 16 = -5*p + 92. What is the remainder when 47 is divided by p?
15
Let d(h) = 3*h. Let r(g) = -11*g + 1. Let c(i) = -9*d(i) - 2*r(i). What is the remainder when c(-6) is divided by 10?
8
Suppose -2*t - g = -6*t + 13, 2*g = -t + 1. Let u = t + 3. What is the remainder when (u/9)/((-4)/(-138)) is divided by 8?
7
Let y = -7 + 3. Let b = y - -10. Let k(s) = s**2 - 6*s + 9. Calculate the remainder when b is divided by k(5).
2
Let z = -1 + 22. What is the remainder when z is divided by 11?
10
Let y(z) = -z**3 - 3*z**2 + 4*z + 1. What is the remainder when 123 is divided by y(-5)?
30
Let p be (-515)/(-25) + (-4)/(-10). Suppose 0 = -3*m + 2*q + 2*q + 8, 4*m = -5*q + p. What is the remainder when m is divided by 2?
0
Let m = 18 + -14. Suppose -m*r + 0*k + 13 = 3*k, 4*r = -2*k + 10. Calculate the remainder when 1 is divided by r.
0
Suppose -17 = 5*q + 8, 3*x - 13 = 2*q. What is the remainder when 1 is divided by x?
0
Let w = 41 + -4. What is the remainder when 110 is divided by w?
36
Suppose -5 - 1 = -3*i. Let o = 3 + i. Let g(j) = j**2 - 3*j - 3. Calculate the remainder when 13 is divided by g(o).
6
Let y = -34 + 37. Let u(m) = -m**3 + 5*m**2 - 2*m - 4. Let a be u(4). Suppose -t + a = -0. Calculate the remainder when t is divided by y.
1
Let m(v) = v**3 - 6*v**2 + v + 8. What is the remainder when (20 + (-2 - 2))*17/4 is divided by m(6)?
12
Suppose -3*v - 3*t = v - 11, 2*v = -5*t + 9. Let m be -2 + (5 - v) + 9. Let j = 31 - m. What is the remainder when j is divided by 11?
10
Let o(c) = -18*c - 4. Let r(f) = f + 1. Let m(y) = o(y) + 4*r(y). Let k be m(-1). Suppose -k = -4*p + 182. Calculate the remainder when p is divided by 17.
15
Suppose -3*b - 4*r = -88, -2*r + 156 = 6*b - b. Calculate the remainder when 61 is divided by b.
29
Let g(m) = 10*m - 1. Suppose k + 69 = 4*k. Let f = k - 13. Calculate the remainder when g(3) is divided by f.
9
Let w(j) = 2*j**2 - 5*j + 5. What is the remainder when w(4) is divided by 10?
7
Suppose -d = -2*d + 2. Let v = d + -8. What is the remainder when 4/v + 460/15 is divided by 11?
8
Let p(h) = -12*h - 4. Let o be -3*2/(0 - -2). Calculate the remainder when p(o) is divided by 11.
10
Suppose 10 = -5*q + 135. Let h = 2 - -3. Suppose 3*o - 50 = -h*v + 9, 4*o - 18 = -2*v. What is the remainder when q is divided by v?
12
Let q be -2*1 - (-16)/8. Suppose -5*c - 4*r + 27 = q, -4*c = -c - r - 23. What is the remainder when 13 is divided by c?
6
Let l be (172/(-10))/(5/(-25)). Let t = l - 28. What is the remainder when t is divided by 15?
13
What is the remainder when (16 + -1)*50/6 is divided by 42?
41
Suppose 2*h + 22 = 5*i, -i + h + 5 = -0. Calculate the remainder when i is divided by 3.
1
Suppose 6*h = -13*h + 266. Calculate the remainder when 23 is divided by h.
9
Let u = -7 - -20. Suppose 3*b - j = 2 + 22, 2*j = -2*b + 8. What is the remainder when u is divided by b?
6
Suppose s = -m + 4*s + 3, 5 = 5*m - 5*s. Let f = 9 - m. What is the remainder when 25 is divided by f?
7
Suppose f - 65 + 27 = 0. Let s = -68 + 81. What is the remainder when f is divided by s?
12
Suppose -4*p + 35 = 5*s, 5*s + 59 = 3*p + 24. Let u(c) = -c**3 - 3*c**2 - c - 1. Let t = -5 + 1. What is the remainder when u(t) is divided by p?
9
What is the remainder when 71 is divided by -1 - 2 - 1/((-2)/56)?
21
Let x(u) = 11*u - 1. Let j be x(7). Suppose 5 = 5*q + i - j, 4*q - 60 = 4*i. Calculate the remainder when q is divided by 9.
7
Suppose 91 + 89 = 3*m. Suppose 0 = 2*t + 2, -3*v + 5*t + 39 - 1 = 0. Calculate the remainder when 